pose 3*f - 64 = 4*r, -9*r + 6*r = 4*f - 127. Calculate the highest common factor of f and u.
28
Let b be (-134)/(-4) - (-98)/(-196). Let j(p) = 7*p + 9. Let t be j(5). Calculate the highest common factor of t and b.
11
Suppose -2*s + 30 = -15*o + 19*o, 0 = 4*o - 5*s - 65. Let f be (-2)/8 - (-3684)/16. What is the highest common divisor of o and f?
10
Suppose -17*x = -13*x - 7772. Suppose 2*r + 643 = -0*h + h, -r + x = 3*h. Let i = -323 + h. Calculate the greatest common divisor of 36 and i.
36
Suppose 2*w - 2*l = 2, w = 4*l - 30 + 16. Calculate the highest common divisor of 129 and w.
3
Let j(c) = 2*c**2 - 9*c - 84. Let i be j(-6). What is the highest common divisor of i and 135?
3
Let l be (-6)/(-4)*(-80)/(-60). Suppose 3*o = -l*o - 75. Let g be 6 + (2 + 0)*o/10. Calculate the greatest common divisor of 6 and g.
3
Let l be (-21)/(-12)*(-5 + 637/13). Let y = -4 - -26. Calculate the greatest common factor of l and y.
11
Let f(q) = -q**3 - 53*q**2 - 74*q + 1503. Let o be f(-51). What is the highest common factor of o and 5685?
15
Suppose 2*p = -5*q + 88, -3*p + 17 = -5*q + 110. Let c = q + -2. Let m(o) = -o**2 + 20*o + 12. Let x be m(18). What is the highest common divisor of x and c?
16
Suppose 0 = -4*t - 166 + 54. Let i be ((-128)/12)/8*(t - -1). What is the highest common factor of 288 and i?
36
Suppose 0 = -t + i + 84, 1209*t - 5*i + 282 = 1213*t. What is the greatest common divisor of 3328 and t?
26
Let d(b) = -b**2 + 22*b - 67. Let r be d(18). Suppose 4*t = 2*a + 137 - 9, -r*t = -4*a - 154. What is the highest common factor of 187 and t?
17
Let s = 4699 - 4610. Suppose -x - 77 = 2*i, -3 = -4*i + 1. Let h = s + x. What is the greatest common factor of 40 and h?
10
Suppose 115*o = 120*o + 2*i - 224, -7*i + 14 = 0. What is the highest common divisor of o and 200?
4
Suppose 674*k - 10 = 676*k, 5*w = -3*k + 5655. What is the highest common factor of w and 42?
42
Suppose 19*i + 5*i - 1100 = -i. What is the highest common divisor of 121 and i?
11
Suppose 6*m - 11 + 17 = 0. Let x(v) = -8*v**3 - 2*v**2 - 2*v. Let j be x(m). Calculate the greatest common factor of 44 and j.
4
Let u = -552 + 551. Let r be (u - (-3)/45)*5*-3. Calculate the greatest common factor of r and 350.
14
Let a(z) be the first derivative of -8*z**3/3 + 45*z**2 + 2*z - 54. Let b be a(11). What is the greatest common divisor of b and 264?
24
Let s = 5685 + -5667. Suppose m + 486 = 7*m. What is the greatest common factor of m and s?
9
Suppose -2*j + 450 = j. Let b(m) = -6*m**3 + 417*m**2 - 209*m + 144. Let v be b(69). Calculate the highest common factor of v and j.
6
Suppose -7*m = -m - 168. Suppose -m*g - 27 = -31*g. Let h = -265 + 266. Calculate the greatest common divisor of g and h.
1
Let o(b) = b**2 - 6*b - 49. Let d be o(9). Let n = d - -28. Suppose 3*x + 4*z = n*x - 396, 5*x = 2*z + 674. What is the greatest common divisor of x and 34?
34
Let i = -13 - -34. Suppose 5418 = -132*c + 175*c. Calculate the greatest common factor of i and c.
21
Suppose 0 = s + s + 3*d + 6, 20 = -5*d. Suppose -2*g + 2*r + 619 = s*g, -r + 128 = g. Suppose 0 = -8*n + g + 307. What is the highest common divisor of n and 6?
6
Suppose 0*g + g - 71 = 205. What is the greatest common divisor of 345 and g?
69
Suppose 0 = 4*i - 3*r - 36 + 35, 4*i + 3*r = 31. Suppose 10 = 2*h - i*x - 0*x, 3*h + 5*x - 4 = 0. Calculate the highest common factor of 33 and h.
3
Let u = 516 + -467. Calculate the highest common divisor of u and 413.
7
Let h(c) = 6*c + 52. Let d be h(-8). Suppose o + 2*w - 76 = 0, -d*o + 231 = -w - 46. Let i = 0 - -10. Calculate the highest common factor of i and o.
10
Let m(x) = -288*x + 3392. Let n be m(6). Calculate the greatest common factor of n and 112.
16
Suppose -11*m = -0*m - 231. Let k(r) = 2*r - 3. Let i be k(2). Let b be 18*(i + (-10)/(-4)). What is the highest common factor of m and b?
21
Let w be (-3)/(-1) - 27 - 2. Let v = w + 29. Suppose 12*d - 1950 = -v*d. What is the highest common factor of d and 26?
26
Let z = 12660 - 12600. Calculate the highest common factor of 33 and z.
3
Let w = -324 + 379. Let f = 580 - 384. Let s be (-3 + f/(-8))*-22. Calculate the greatest common factor of s and w.
55
Suppose 1219 + 57 = 4*b + 5*j, 5*b - 1582 = -3*j. Suppose -1070 = -6*t - b. Suppose x - 8 = 34. What is the highest common factor of t and x?
42
Let o(i) = -12*i + 89. Let s be o(7). Let g(b) = 104*b - 148. Let u be g(s). Calculate the highest common divisor of 31 and u.
31
Let z be (67 - -18) + -1*1. Let o = z - 0. What is the greatest common divisor of o and 24?
12
Let o be (-2494)/(-39) + (-6)/(-117). Suppose 3*h - 189 = -3*c, 0 = 3*h + 2*c - 0*c - 190. Calculate the highest common factor of o and h.
64
Let s = 25932 - 25830. What is the greatest common factor of 2278 and s?
34
Let c = -155 + 805. Suppose -j + 6*j = c. Let q(w) = 15*w - 23. Let s be q(5). Calculate the highest common factor of j and s.
26
Let p be 2/(-4) - (27/(-2) - 11). Suppose 0 = p*s - 8 - 352. Calculate the greatest common factor of 25 and s.
5
Let v(z) = 2*z**3 + 17*z**2 - 35*z - 17. Let w be v(-10). What is the greatest common factor of w and 1749?
33
Let u = -1172 + 1381. Suppose -57 = -3*h + 2*v + 2*v, -h - 4*v = -19. Calculate the highest common factor of u and h.
19
Let w be (-8)/(-4) - (-5)/5. Suppose 0 = w*z + 2*z - 105. Let a be ((-1)/(-9))/(1/z)*21. Calculate the highest common divisor of a and 7.
7
Suppose -5*z - 4*s = -64, 12*s - 14*s + 8 = z. Suppose -2*a + 3*h = 2*a - 27, -5*a + 5*h + 35 = 0. Calculate the highest common factor of z and a.
2
Let k = -60 + 69. Let h = k + -4. Suppose -h*p + p = 2*m - 8, m + 2 = 0. Calculate the greatest common factor of p and 33.
3
Let f be (18/(-36))/((-1)/12). Suppose s + f*s = 56. Let k be s/(40/825) - 3. What is the highest common factor of k and 18?
18
Let d(b) = -75*b + 5. Let f be d(-4). Suppose 2*i + 138 = o, -1548*i = 3*o - 1545*i - 342. Calculate the greatest common factor of o and f.
61
Let x(r) = -r**3 - 16*r**2 + 2*r + 34. Let p be x(-16). Suppose 2*w + p = 3*w - 4*z, -2*z = 0. Calculate the highest common divisor of 26 and w.
2
Let n(d) = -3720*d + 8*d**2 + 6 + 5*d**2 + 3722*d - d**2. Let y be 3/((-3)/4) - -1. Let c be n(y). Calculate the greatest common divisor of 27 and c.
27
Let f(d) = -d**3 + 22*d**2 - 12*d - 4. Let i be f(15). Suppose -14*m + i = 159. Calculate the greatest common factor of m and 24.
8
Let x be (-4)/10*((-2295)/(-2))/(-27). What is the greatest common divisor of 68 and x?
17
Let m = -4650 + 4675. Let z = 14 + -9. Calculate the greatest common divisor of m and z.
5
Suppose 0 = 26*y + 48*y - 931 - 1141. What is the highest common factor of y and 14896?
28
Let m(a) = 71*a + 556. Let x be m(-4). What is the highest common factor of x and 1836?
68
Let o be 24/(-10)*(-11 - 49). Let j(z) = -5*z + 15. Let p be j(-13). Suppose -5*n - p = -10*n. Calculate the greatest common divisor of o and n.
16
Let v = 3316 - 2886. What is the highest common divisor of v and 90?
10
Let x = -344 - -412. Suppose 531*r - 529*r - x = 0. Calculate the greatest common factor of r and 442.
34
Let v be -3 + (6 + -69 - -6). Let c = -40 - v. What is the highest common factor of c and 340?
20
Suppose 6043*s - 66 = 6032*s. What is the greatest common factor of 1449 and s?
3
Let t = -741 + 1616. Let m = -857 + t. Calculate the highest common divisor of m and 144.
18
Suppose -1638 = 4*w - 1678. Suppose -21 = h + 5*u - 50, 2*h = 4*u - 12. Let o = h + 0. Calculate the greatest common divisor of o and w.
2
Let p = 37 + -26. Let w = 411 - 377. Let m = p + w. Calculate the highest common factor of m and 15.
15
Let s(v) = v**2 + 7*v - 8. Let o be s(-9). Let p be (4/(-7))/(62/(-1085)). What is the greatest common factor of p and o?
10
Let o be 8*(-26)/(-24)*6/4. Let u be 6/15 - (-140)/25. Suppose u*t - 11*t + 715 = 0. What is the highest common divisor of t and o?
13
Suppose -277*d + 3350 = -238*d - 19192. Calculate the highest common divisor of 782 and d.
34
Let y(n) = 129*n + 454. Let r be y(-2). What is the highest common divisor of r and 1?
1
Let r(l) = -719*l - 3589. Let d be r(-5). Calculate the greatest common factor of d and 1035.
3
Let s be 6/15 + (-8)/((-160)/492). Let q = 20 - 14. Let d be 12 + 3*q/(-9). Calculate the greatest common factor of d and s.
5
Suppose 